- t. What is the tens digit of l?
1
Suppose 30*j - 25*j - 25 = 0, -18167 = -2*y + j. What is the hundreds digit of y?
0
Let b = 89 + -26. Let d = 65 - b. Suppose -3*s = -d*z - 414, -129 = 4*s - 2*z - 681. What is the units digit of s?
8
Let j be (-81 + 0)/((-2)/8*1). Suppose -18*i + j = 4*a - 22*i, -2*a = -3*i - 157. What is the tens digit of a?
8
Let k = -4859 - -2766. Let o = -1036 - k. What is the units digit of o?
7
Suppose 5*g = 651 - 641. What is the units digit of -2 + 7 - (1 + g - 3)?
5
Let m = 56 + 1. Let k be ((-15)/4)/((-27)/144). Let h = k + m. What is the units digit of h?
7
Suppose 639 = -2*z - 129. What is the tens digit of (z/(-512))/((-1)/(-1700))?
7
Let a = 4 - -397. Suppose -530 - a = -7*y. Suppose z = -46 + y. What is the units digit of z?
7
Let p(m) = -730*m + 4264. What is the hundreds digit of p(-33)?
3
Let s be ((-7)/(-2))/((-28)/168). What is the hundreds digit of (-11544)/s - -1 - 60/(-210)?
5
Let h(w) be the first derivative of -w**3/3 - 3*w**2 - 5*w - 13. Let u be h(-6). What is the units digit of 4/(-6) + (u - 1016/(-12))?
9
Let m(f) = 40*f**2 - 502*f - 39. What is the hundreds digit of m(22)?
2
Let j = 24417 - 16874. What is the tens digit of j?
4
Suppose -14*p + 153360 + 130248 = -282958. What is the thousands digit of p?
0
Suppose -6*u + 9*u + 2*j - 9 = 0, 3*j - 6 = -3*u. Suppose -u*k = -13*k + 4056. What is the units digit of k?
7
Let r = 39672 + -22969. What is the thousands digit of r?
6
Let g = -22944 - -37989. What is the units digit of g?
5
Suppose -5*d + 25 = 3*f, 2*d - 5*f = -0*d + 41. Suppose d - 14 = 2*i, -1769 = -k - 2*i. What is the hundreds digit of k?
7
Suppose r - 11 = -2*h, 5*r + 115 = -h + 125. Suppose -4*v = -a - 433, 0*v = 2*v - h*a - 203. What is the tens digit of v?
0
Let h(x) = 7*x + 6. Let f be h(-1). Suppose -3*u + u = 4. What is the units digit of f/2 - 149/u?
4
Suppose 2117 = 4*z - 4*l + 5*l, z - 5*l - 503 = 0. Suppose -3*b - z = -5*b. What is the units digit of b?
4
Suppose -4*r + 1 + 7 = 0, -4*d - 3*r + 6 = 0. Suppose 2*n = -4*j + 5800, -1436 = -d*j - j + 3*n. What is the thousands digit of j?
1
Suppose -2*s + 2*l = 6*l + 4, -2*s - 7 = l. What is the tens digit of (-6)/s*(4 - (-480 + -2))?
2
Suppose -76 + 83 = f. Let s(a) = -35 - 22 + 566*a - 539*a. What is the tens digit of s(f)?
3
What is the hundreds digit of 6666 - (-9 - (-10 + 0))?
6
Let g be 1/((-210)/72 - -3). Let q(m) = 37*m - 64. What is the hundreds digit of q(g)?
3
Suppose -214*a + 12 = -211*a. Suppose -4 = -v, -1632 = a*y - 5*v - 5884. What is the thousands digit of y?
1
Let g = -412 - -940. Suppose -n + 3*o = -468, 2*n - g - 443 = -o. What is the hundreds digit of n?
4
Let i = 156 - 144. What is the tens digit of 149 - i*((-28)/(-6) + -5)?
5
Suppose -8*f = -f + 4*v - 93399, 3*v = -3*f + 40023. What is the tens digit of f?
4
Suppose 0 = 2*o + k - 3, -o + 3*o + 4*k - 18 = 0. Let d be (o/(-3))/(4/(-1956)*1). Let n = d - -399. What is the tens digit of n?
3
Let t be (3*(-2)/5)/(33/110). What is the units digit of 45873/189 + t/(-14)?
3
Let n(y) be the third derivative of y**4/24 + 5*y**3/6 - 14*y**2. Let i be n(-15). What is the units digit of 0 + (-5)/(i/94)?
7
Let j = 1500 - 649. Suppose 0 = -3*w + j + 1942. What is the units digit of w?
1
Let l be 5454/81*(-4)/((-12)/(-45)). Let h = 2343 + l. What is the hundreds digit of h?
3
Let l(s) = -4*s**2 - 8*s + 12. Let q(v) = 5*v**2 + 9*v - 13. Let o(y) = -3*l(y) - 2*q(y). Let t be o(-6). Let z = -22 + t. What is the units digit of z?
4
Let g(f) = 14*f - 29 - 9*f + 17*f. Let m = -396 - -403. What is the tens digit of g(m)?
2
Suppose 5*o - 39317 + 179 = 3*d, -5*o = -2*d - 39137. What is the units digit of o?
7
Let x(j) = j**3 + 20*j**2 + 10*j + 26. Let s be x(-17). Let l = -347 + s. What is the units digit of l?
6
Let c(n) = 64*n + 546. Let q be c(-6). Suppose 3*a = 48 - 276. Let x = q + a. What is the units digit of x?
6
Let m(h) = -h**3 - 12*h**2 + 17*h + 52. Let l be m(-13). Suppose l*r + 3*y - 166 = -r, 4*r + y - 708 = 0. What is the units digit of r?
8
Suppose 5*b + 152 = -2*f, -b + 5*b + 79 = -f. Let u = -71 - f. Suppose u*m - 2*m = -78. What is the units digit of m?
9
Let u be (-1 + 87)*4/8. Let k = u + -41. What is the units digit of (-9)/(-6) + 65/k?
4
Let l(f) = 42*f**2 - 24*f**2 + 4*f**2 + 52 + 25*f + 44 - 16. What is the hundreds digit of l(-7)?
9
Let x be (-18 + 20)/(-1 + (-3)/(-6)). What is the tens digit of 3*(0 - x - (-186)/9)?
7
Let h(l) = -37*l - 25 - 7 - 1 + 7 - 12*l**2 + 2*l**3. What is the units digit of h(11)?
7
Let h(d) = d**2 - d - 20. Let g be h(5). Suppose 7*v + 826 - 3913 = g. What is the units digit of v?
1
What is the units digit of (-190826692)/(-12532) - (2 - 48/26)?
7
Suppose -19*w - 130 = -6*w. What is the units digit of 5640/25 - (44/w + 4)?
6
Let a(b) = -117*b - 1. Let d = 68 - 59. Let y(q) = 235*q + 2. Let f(t) = d*a(t) + 4*y(t). What is the tens digit of f(-1)?
1
Suppose -16877 = -2*k - 3*o, -160*k + 161*k - 8438 = -2*o. What is the units digit of k?
0
Let s = -6186 - -8974. What is the tens digit of s?
8
Suppose -4*f - 2*k + 14 = 0, -5*f + 2*k + 19 = 3*k. Let w = f + -1. Suppose -197 + 20 = -w*r. What is the units digit of r?
9
Let l(i) = 11*i - 37. Let h(c) = -6*c + 19. Let q(o) = -5*h(o) - 3*l(o). Let z(u) = -2*u + 15. Let f(g) = -3*q(g) + 4*z(g). What is the units digit of f(7)?
9
Suppose -5*b - 2260 + 701 = -m, 4*b + 7711 = 5*m. What is the hundreds digit of m?
5
What is the tens digit of 100/(-50)*7436/(-8)?
5
Let r(d) = 10*d**2 - 27*d - 514. What is the hundreds digit of r(-20)?
0
Suppose -4*c + 4*m = -135168, -3*c = 2*m - 58513 - 42903. What is the ten thousands digit of c?
3
Let o = 942 - 150. Let w = o - 403. What is the hundreds digit of w?
3
Suppose 0 = -58*d - 347452 + 901932. What is the thousands digit of d?
9
Let v be ((-15)/10)/(4/72). Let z = v - -750. Suppose 3*k - z = -4*m, 339 = 2*m - 9*k + 6*k. What is the hundreds digit of m?
1
Let l(m) = 5*m**2 - 56*m + 10. What is the hundreds digit of l(21)?
0
Let q(t) = 3*t**2 - 21*t + 2. Let a be q(7). Suppose -6*u = a*u - 168. What is the units digit of u?
1
Suppose -2*r = -5*r - 2*l + 165, -5*r - 3*l + 274 = 0. Let x = r + -39. Suppose -m + x + 81 = 0. What is the units digit of m?
5
Let z = 18435 - 8174. What is the tens digit of z?
6
Let b = -1175 + 6448. What is the hundreds digit of b?
2
Suppose 29*z + 3*q + 28 = 27*z, -2*z - 28 = -q. Let a(k) = -98*k - 406. What is the tens digit of a(z)?
6
Let p = 7792 + -1430. Suppose -5*u + 2*j = 6*j - p, 5*j = 3*u - 3832. What is the hundreds digit of u?
2
Suppose 3*h - v + 6*v = -839, 1100 = -4*h - 2*v. Let s = 480 + h. What is the units digit of s?
7
Let b = 1461 + -620. Suppose 4*h - b = 443. Suppose -h = -5*c + 5*m - 66, 0 = 5*c + 5*m - 245. What is the units digit of c?
0
Let r(l) = 0 - 1 - 246*l + 247*l. Let b be r(1). Suppose b = o + 2*o + 5*m - 365, 4*o - 498 = -m. What is the hundreds digit of o?
1
Let v(r) = -r**2 - 8*r + 22. Let p be v(-9). Suppose 0 = p*i - 9*i - 820. Suppose -4*s + 147 = -i. What is the tens digit of s?
8
Let w be (-68)/(-32) - 2 - 1/8. Suppose 6*t - 127 + 49 = w. Suppose -t*f + 35 = -6*f. What is the units digit of f?
5
Suppose 4*n = b + 26879, 4*b = 435 - 415. What is the units digit of n?
1
Let n(g) be the first derivative of g**2/2 + 7*g - 17. Let f be n(-11). What is the tens digit of (27/f)/(1/(-4))?
2
Let m(u) be the third derivative of 5*u**4/24 + 43*u**3/6 - 10*u**2. Let b be m(0). What is the tens digit of b/(10/18 - (-14)/(-63))?
2
Let m be 1252*(-5)/(26 - 6). Let q = 55 - m. What is the hundreds digit of q?
3
Suppose 0 = -4*y - 6 - 2. Let k be (-1)/(2/4 - y/(-2)). Let u = 23 + k. What is the tens digit of u?
2
Let k(r) = 26*r - 59. Let o(f) be the third derivative of -13*f**4/24 + 5*f**3 + 19*f**2. Let m(u) = -3*k(u) - 5*o(u). What is the units digit of m(-8)?
1
Let s = -13 + 13. Suppose -2*v = 5*c - 21 - 37, s = -5*c - 4*v + 56. What is the tens digit of (-6*c)/(24/(-32))?
9
Let k be (-1)/3 - (-79547)/87. Suppose 3*d = k + 2485. What is the hundreds digit of d?
1
Suppose 2*y - 6 = -2, -38 = -3*c - y. Let v be 3/((-50)/c + 4). What is the units digit of (v/16)/(6/8)*-54?
1
Let f = 1086 + -1210. Let a = 227 + -479. Let l = f - a. What is the hundreds digit of l?
1
Let b be ((-3)/(-2))/((-18)/(-6